8)/(-3*4/(-19944)). Let r = -4537 - v. Is r prime?
True
Let a(g) = -g**2 + 5*g + 10. Let u be a(6). Suppose u*s = -6*s + 2280. Let f = 635 - s. Is f prime?
False
Let q(i) = -i**2 + 2*i + 20803. Let u be q(0). Suppose 0 = m + 4*p - 5187, -8*m - 5*p + u = -4*m. Is m a prime number?
False
Let l = -47 - -47. Suppose q - 520 + 34 = l. Suppose -u = -q + 71. Is u composite?
True
Is (12/(-162))/(6/(-36)) + 3998273/9 composite?
False
Is (3 - 6008788/(-28)) + -5*3/(-35) a prime number?
True
Let v(y) = 863*y**2 + 25*y - 59. Is v(4) a prime number?
False
Let r be 26/(-65) - ((-91116)/20)/(-3). Let v = -906 - r. Is v composite?
False
Is 9/(-18) + 4599018/12 a prime number?
False
Let n(t) = 15*t**2 - 2. Suppose -1 = 5*f - 21. Suppose 1 = -f*q - 19. Is n(q) composite?
False
Is ((-45)/9)/(231310/(-46261) - -5) prime?
True
Let r = 1924898 + -982297. Is r prime?
False
Let b(h) = 10693*h**3 - 4*h**2 + 5*h + 11. Is b(2) prime?
True
Suppose 0 = -10*l + 55*l - 21487410. Suppose -24*d + 66*d = l. Is d composite?
False
Suppose 3*k + 4*r = 3418177, -2278758 = 283*k - 285*k + 4*r. Is k a composite number?
False
Let q be 12*(16/6)/((-10)/(-685)). Suppose -4*c + q = -o + 5*o, c - 545 = 2*o. Is c a composite number?
False
Let l(a) = -147*a + 9. Let j(y) = 74*y - 4. Let v(p) = -11*j(p) - 6*l(p). Let i = 13 - 10. Is v(i) a prime number?
False
Suppose 0 = -8*n + 4*n + 17476. Suppose n = -9*l + 11488. Is l a prime number?
False
Suppose -44046604 = -65*z + 30529236 - 5974905. Is z a composite number?
False
Suppose 10*w = 332 - 132. Suppose w*s - 19*s - 641 = 0. Is s composite?
False
Suppose -z + 4*x + 43569 = -15888, -x + 178410 = 3*z. Suppose 3*p + 40637 = 2*o, -3*p + 21796 + z = 4*o. Is o composite?
True
Let n = 130 - 120. Suppose 4*w - 8*w = z - 9775, 5*w - n = 0. Is z composite?
False
Suppose -2*d = 3*d + 2*y - 25, -d + 4*y + 5 = 0. Suppose 0 = 5*f - d*o, 3*o = 12 + 3. Suppose f*b - 474 = -b. Is b a prime number?
True
Let k = -4 - -8. Let n be 8/k + 12995/((-20)/(-4)). Suppose -10 = -7*t + n. Is t a prime number?
True
Let u = -30119 + 341106. Is u prime?
True
Let p be 17/((-595)/(-186840)) - (-2)/(-7). Let j = 3681 - p. Let r = -906 - j. Is r prime?
True
Let b = -50 + 54. Suppose 3*h + 5*p = -h + b, 4*h = -p + 4. Is 1716 - ((3/h)/(-3))/1 a prime number?
False
Let v be (-2 - 1)/(6/(-4)). Let z be (10/40)/(v/24). Suppose z*w + w - 1892 = 0. Is w prime?
False
Let p = 15 + -108. Is ((-22537)/p)/(1/6) prime?
False
Let c(d) = 1606*d - 2809. Is c(12) composite?
True
Let v(w) be the third derivative of -221*w**4/24 - 5*w**3/3 + 217*w**2. Is v(-1) composite?
False
Suppose p = -5*n - 2 + 1, 0 = -5*n + 10. Let z = 8 - p. Suppose -5*j = -54 + z. Is j a composite number?
False
Suppose -2*q = -3*s + q, 3*q = -6. Let t be 16/6*(s + 51/(-6)). Is t/(-3)*7815/20 a prime number?
False
Let z(y) = y**2 - 6*y + 8. Let x be z(4). Suppose x*g - g + 3972 = c, 5*g = c + 19830. Is g composite?
False
Suppose -2*x - 3*t = -254230, -x = -8*t + 9*t - 127111. Is x composite?
False
Let g = 23582 + -16256. Is 30 + g + -6 + -1 a composite number?
False
Let v be (-1 - -1)*(-14)/(-28). Let p(j) = -j**3 - 2*j + 379. Is p(v) a composite number?
False
Suppose 5*m + 3*k = -16, m - 4 = 4*k + 2. Is m/(-9) - 963326/(-234) composite?
True
Suppose -482 = -7*c - 426. Suppose c*l - 19561 = 35343. Is l composite?
False
Is (-71061 + -2)/(8 - 10 - -1) a prime number?
False
Is (-75)/(-12) + -7 + (551865/(-20))/(-3) prime?
False
Suppose -2*u + 576 = -d, 5*d - 3*d - u + 1161 = 0. Let n = 1618 + d. Suppose 5*b + n = 12621. Is b a prime number?
False
Suppose 5*v = 15, -v + 2 = 3*a + 23. Is (1 + 7)/(-2) + (a - -43) composite?
False
Suppose 0 = -3*w - 5*p + 5, w - 1 = p - 3*p. Let b(s) = 64*s**3 - 16*s + 43. Is b(w) a prime number?
True
Let q = 798 - 410. Let b = 597 - q. Is b a composite number?
True
Suppose -3*f = j + 4, -5*j = 4*f + 8 + 1. Let y(k) = 2150*k**2 - 11*k. Let m(a) = -717*a**2 + 4*a. Let q(w) = 17*m(w) + 6*y(w). Is q(f) a composite number?
False
Let r(s) = s**2 - s**2 - 17 + s**2 + 13*s - 5*s**3. Suppose 4*a - 4 = -p - 36, 3*a + 4*p = -24. Is r(a) a prime number?
True
Suppose -5*h + 62*g - 61*g + 573598 = 0, 229470 = 2*h + 4*g. Is h composite?
True
Suppose -2*o - 9*b = -4*b - 105, 4*o - 175 = -3*b. Suppose o*s = 33*s + 5537. Is s composite?
True
Suppose -5*f = -10, 4*f = -0*k - 4*k. Let x(v) = 161*v**2 - 14*v - 25. Is x(k) composite?
False
Let w(n) = 61919*n - 1487. Is w(12) a composite number?
False
Let u = 424853 + -21694. Is u a composite number?
False
Let x(m) = 2*m**2 + 8*m - 7. Let b be x(-5). Suppose 4*c = b + 9. Suppose 765 = c*k - 798. Is k prime?
True
Let v = -2775 - -18502. Is v a composite number?
False
Let c be (-575510)/(-247)*(1 - -1*1). Suppose -2*v + 2*i = -c, -3575 = -4*v - i + 5760. Is v prime?
True
Let z = 4735 - -141066. Is z a prime number?
False
Let w be (282/(-12) + 0)/(3/168). Is 4 + ((-6)/3 - w) composite?
True
Suppose -28*k - 12*k - 42154 = -54*k. Is k a prime number?
True
Let g be (-1 + 1)/1*(-41)/82. Suppose 4*d - 20 = g, -5*p = -d - 0*d - 10. Is 634 - 5 - -2*(p + -2) prime?
True
Suppose -2*t = 7*t + 27. Let x be (94/3)/((-2)/t)*11. Suppose -51*o + 50*o = -x. Is o a composite number?
True
Let x(v) be the second derivative of 43*v**4/3 + 3*v**3 + 13*v**2/2 + v + 2. Is x(6) a composite number?
True
Let g be 5 + (-9)/6*2. Let a(q) = 185*q**2 + 2*q - 7. Is a(g) a composite number?
True
Let s(u) = -7*u + 46. Let d be s(6). Suppose -8510 = -d*y - 6*y. Is y a composite number?
True
Let o be -2 + 11/5 - 59484/(-30). Let a = o + -626. Is a prime?
False
Let o be -86*(-5 + (-35)/(-10)) - 2. Suppose -o*t + 105*t + 48466 = 0. Is t a composite number?
False
Let r(u) = u**3 - 5*u**2 + 5*u + 3. Suppose -5*y = -7*y + 6. Suppose -t - 2*j = -12, -y*j + 6 = -t + j. Is r(t) a composite number?
True
Suppose -4*h + 0*j - 3*j - 15 = 0, 2*h + 2*j = -10. Let f(z) = 3*z**3 + 7*z**2 - 25*z + 57. Let y be f(8). Suppose h = o - 8*o + y. Is o composite?
False
Suppose 5*d + 6*c - 4*c - 16 = 0, -d - c = -2. Suppose -1092 - 463 = -d*b - 5*w, 2*b - w = 795. Is b a composite number?
True
Let u = 75 - 80. Let w be 151/(-5*u/275). Suppose -2*q + 0*f = -f - w, 5*q - 4158 = -3*f. Is q composite?
True
Suppose -5*d - 17 - 3 = 0. Let j(n) = -18*n**3 + 6*n**2 + 4*n + 12. Let y be j(d). Is (y/(-2))/((6/9)/(-1)) a composite number?
True
Let t = 2055 + -968. Is t a prime number?
True
Is (42/(-10))/((-18)/570030) composite?
True
Is 249 + -258 - 16336*(-31)/2 composite?
True
Suppose -8*s = 3*s + 7491. Let z = -423 - s. Suppose 1485 = p + z. Is p prime?
False
Suppose 0 = -3*w + q - 6*q + 14, -4*w = -2*q - 36. Let t be 4352/18 + w/36. Let c = t - -237. Is c a composite number?
False
Let b = 1863360 - 1245331. Is b prime?
True
Let w(i) be the third derivative of -727*i**4/24 + 63*i**3/2 + 230*i**2. Is w(-22) prime?
True
Suppose -2*a - 7 + 19 = 0. Suppose -5769 + 15303 = a*r. Is r a composite number?
True
Let x(i) = -418*i + 194. Let d be x(-25). Suppose -7*p = -11*p - u + 21293, 2*p - d = 2*u. Is p composite?
False
Let o(k) = 14*k**2 + 6*k - 13. Let u = 64 - 59. Let h(d) = 5*d - 32. Let z be h(u). Is o(z) prime?
True
Let m = 59 - 63. Let n(w) = -w**3 - 6*w**2 - 6*w. Let y be n(m). Is 2431 + -1*1/((-4)/y) composite?
True
Suppose -3*z + 5*t = 34, -26 = 2*z + t - 12. Is (-16603)/(z + (6 - -1)) composite?
False
Let t(a) = -1382*a - 17 - 12 - 90*a. Is t(-5) a composite number?
False
Suppose 90*o = 186*o - 859296. Is o a prime number?
True
Suppose 0 = 23*l - 50*l. Suppose 2*g - 2*q + l*q = 23910, -4*g = 2*q - 47808. Is g a composite number?
False
Suppose -5*n = 4*i - 45, i - 3*i = -3*n + 5. Suppose -3*h + h + i*h = 0. Suppose 15*q - 13*q - 2938 = h. Is q composite?
True
Is 2/(-5) + (-14 - (-218840)/100) prime?
False
Let l(r) = 22*r**3 - 3*r**2 - 4*r + 6. Let y be l(3). Let m = y - -836. Is m a composite number?
True
Let x = 749773 - 339746. Is x a prime number?
False
Let j(x) = 6688*x**2 + 5*x + 32. Is j(-9) prime?
False
Let q(k) = 50*k**2 - 45*k + 3174. Is q(41) a composite number?
True
Suppose 13*a - 35 = 8*a. Let k be 5 - a - (-1 + -1). Is 4784/13 + (-1 + k)/1 a prime number?
True
Let n(g) = g + 2. Let z be n(-2). Let f be 590 + 0/(-6 - 0). Suppose y - 287 - f = z. Is y prime?
True
Let f(m) = 772*m**2 + 30*m - 379. Is f(6) a prime numb